{"id":3793,"date":"2020-11-10T07:45:15","date_gmt":"2020-11-10T06:45:15","guid":{"rendered":"https:\/\/encircular.es\/observatorio\/economia-encircular-open-week-organiza-asociacion-de-disenadores-de-la-comunitat-valenciana-adcv-y-agencia-valenciana-de-la-innovacion-avi\/"},"modified":"2021-04-04T19:33:47","modified_gmt":"2021-04-04T17:33:47","slug":"economia-encircular-open-week-organiza-asociacion-de-disenadores-de-la-comunitat-valenciana-adcv-y-agencia-valenciana-de-la-innovacion-avi","status":"publish","type":"observatorio","link":"https:\/\/encircular.es\/ca\/observatori\/economia-encircular-open-week-organiza-asociacion-de-disenadores-de-la-comunitat-valenciana-adcv-y-agencia-valenciana-de-la-innovacion-avi\/","title":{"rendered":"\u2018Economia EnCircular Open Week\u2019. Organitza: Associaci\u00f3 de Dissenyadors de la Comunitat Valenciana (ADCV) i Ag\u00e8ncia Valenciana de la Innovaci\u00f3 (AVI)"},"template":"","categories":[102],"tags":[],"class_list":["post-3793","observatorio","type-observatorio","status-publish","hentry","category-esdeveniments-observatorio-ca"],"_links":{"self":[{"href":"https:\/\/encircular.es\/ca\/wp-json\/wp\/v2\/observatorio\/3793\/"}],"collection":[{"href":"https:\/\/encircular.es\/ca\/wp-json\/wp\/v2\/observatorio\/"}],"about":[{"href":"https:\/\/encircular.es\/ca\/wp-json\/wp\/v2\/types\/observatorio\/"}],"wp:attachment":[{"href":"https:\/\/encircular.es\/ca\/wp-json\/wp\/v2\/media\/?parent=3793"}],"wp:term":[{"taxonomy":"category","embeddable":true,"href":"https:\/\/encircular.es\/ca\/wp-json\/wp\/v2\/categories\/?post=3793"},{"taxonomy":"post_tag","embeddable":true,"href":"https:\/\/encircular.es\/ca\/wp-json\/wp\/v2\/tags\/?post=3793"}],"curies":[{"name":"wp","href":"https:\/\/api.w.org\/{rel}","templated":true}]}}

‘Economia EnCircular Open Week’. Organitza: Associació de Dissenyadors de la Comunitat Valenciana (ADCV) i Agència Valenciana de la Innovació (AVI)
