{"id":4310,"date":"2021-03-03T13:50:57","date_gmt":"2021-03-03T12:50:57","guid":{"rendered":"https:\/\/encircular.es\/observatorio\/por-que-el-pacto-verde-europeo-puede-convertir-a-la-ue-en-lider-mundial-de-la-accion-climatica\/"},"modified":"2021-03-04T13:57:24","modified_gmt":"2021-03-04T12:57:24","slug":"por-que-el-pacto-verde-europeo-puede-convertir-a-la-ue-en-lider-mundial-de-la-accion-climatica","status":"publish","type":"observatorio","link":"https:\/\/encircular.es\/ca\/observatori\/por-que-el-pacto-verde-europeo-puede-convertir-a-la-ue-en-lider-mundial-de-la-accion-climatica\/","title":{"rendered":"Per qu\u00e8 el Pacte Verd Europeu pot convertir a la UE en l\u00edder mundial de l&#8217;acci\u00f3 clim\u00e0tica"},"template":"","categories":[99],"tags":[],"class_list":["post-4310","observatorio","type-observatorio","status-publish","hentry","category-noticies"],"_links":{"self":[{"href":"https:\/\/encircular.es\/ca\/wp-json\/wp\/v2\/observatorio\/4310\/"}],"collection":[{"href":"https:\/\/encircular.es\/ca\/wp-json\/wp\/v2\/observatorio\/"}],"about":[{"href":"https:\/\/encircular.es\/ca\/wp-json\/wp\/v2\/types\/observatorio\/"}],"wp:attachment":[{"href":"https:\/\/encircular.es\/ca\/wp-json\/wp\/v2\/media\/?parent=4310"}],"wp:term":[{"taxonomy":"category","embeddable":true,"href":"https:\/\/encircular.es\/ca\/wp-json\/wp\/v2\/categories\/?post=4310"},{"taxonomy":"post_tag","embeddable":true,"href":"https:\/\/encircular.es\/ca\/wp-json\/wp\/v2\/tags\/?post=4310"}],"curies":[{"name":"wp","href":"https:\/\/api.w.org\/{rel}","templated":true}]}}

Per què el Pacte Verd Europeu pot convertir a la UE en líder mundial de l&#8217;acció climàtica
