{"id":4360,"date":"2021-03-10T15:57:26","date_gmt":"2021-03-10T14:57:26","guid":{"rendered":"https:\/\/encircular.es\/observatorio\/el-diseno-la-innovacion-y-las-metricas-son-fundamentales-en-la-implantacion-de-la-economia-circular\/"},"modified":"2021-03-12T16:05:02","modified_gmt":"2021-03-12T15:05:02","slug":"el-diseno-la-innovacion-y-las-metricas-son-fundamentales-en-la-implantacion-de-la-economia-circular","status":"publish","type":"observatorio","link":"https:\/\/encircular.es\/ca\/observatori\/el-diseno-la-innovacion-y-las-metricas-son-fundamentales-en-la-implantacion-de-la-economia-circular\/","title":{"rendered":"El disseny, la innovaci\u00f3 i les m\u00e8triques s\u00f3n fonamentals en la implantaci\u00f3 de l&#8217;Economia Circular"},"template":"","categories":[99],"tags":[],"class_list":["post-4360","observatorio","type-observatorio","status-publish","hentry","category-noticies"],"_links":{"self":[{"href":"https:\/\/encircular.es\/ca\/wp-json\/wp\/v2\/observatorio\/4360\/"}],"collection":[{"href":"https:\/\/encircular.es\/ca\/wp-json\/wp\/v2\/observatorio\/"}],"about":[{"href":"https:\/\/encircular.es\/ca\/wp-json\/wp\/v2\/types\/observatorio\/"}],"wp:attachment":[{"href":"https:\/\/encircular.es\/ca\/wp-json\/wp\/v2\/media\/?parent=4360"}],"wp:term":[{"taxonomy":"category","embeddable":true,"href":"https:\/\/encircular.es\/ca\/wp-json\/wp\/v2\/categories\/?post=4360"},{"taxonomy":"post_tag","embeddable":true,"href":"https:\/\/encircular.es\/ca\/wp-json\/wp\/v2\/tags\/?post=4360"}],"curies":[{"name":"wp","href":"https:\/\/api.w.org\/{rel}","templated":true}]}}

El disseny, la innovació i les mètriques són fonamentals en la implantació de l&#8217;Economia Circular
