{"id":4519,"date":"2021-03-15T18:09:27","date_gmt":"2021-03-15T17:09:27","guid":{"rendered":"https:\/\/encircular.es\/observatorio\/analisis-de-los-datos-publicados-por-eurostat-sobre-generacion-de-residuos-en-la-union-europea\/"},"modified":"2021-04-04T18:10:26","modified_gmt":"2021-04-04T16:10:26","slug":"analisis-de-los-datos-publicados-por-eurostat-sobre-generacion-de-residuos-en-la-union-europea","status":"publish","type":"observatorio","link":"https:\/\/encircular.es\/ca\/observatori\/analisis-de-los-datos-publicados-por-eurostat-sobre-generacion-de-residuos-en-la-union-europea\/","title":{"rendered":"An\u00e0lisi de les dades publicades per Eurostat sobre generaci\u00f3 de residus a la Uni\u00f3 Europea"},"template":"","categories":[99],"tags":[],"class_list":["post-4519","observatorio","type-observatorio","status-publish","hentry","category-noticies"],"_links":{"self":[{"href":"https:\/\/encircular.es\/ca\/wp-json\/wp\/v2\/observatorio\/4519\/"}],"collection":[{"href":"https:\/\/encircular.es\/ca\/wp-json\/wp\/v2\/observatorio\/"}],"about":[{"href":"https:\/\/encircular.es\/ca\/wp-json\/wp\/v2\/types\/observatorio\/"}],"wp:attachment":[{"href":"https:\/\/encircular.es\/ca\/wp-json\/wp\/v2\/media\/?parent=4519"}],"wp:term":[{"taxonomy":"category","embeddable":true,"href":"https:\/\/encircular.es\/ca\/wp-json\/wp\/v2\/categories\/?post=4519"},{"taxonomy":"post_tag","embeddable":true,"href":"https:\/\/encircular.es\/ca\/wp-json\/wp\/v2\/tags\/?post=4519"}],"curies":[{"name":"wp","href":"https:\/\/api.w.org\/{rel}","templated":true}]}}

Anàlisi de les dades publicades per Eurostat sobre generació de residus a la Unió Europea
