{"id":5286,"date":"2021-11-04T15:59:02","date_gmt":"2021-11-04T14:59:02","guid":{"rendered":"https:\/\/encircular.es\/observatorio\/la-industria-de-alimentacion-reclama-una-legislacion-en-economia-circular-asumible-para-las-empresas-del-sector\/"},"modified":"2021-12-08T14:27:27","modified_gmt":"2021-12-08T13:27:27","slug":"la-industria-de-alimentacion-reclama-una-legislacion-en-economia-circular-asumible-para-las-empresas-del-sector","status":"publish","type":"observatorio","link":"https:\/\/encircular.es\/ca\/observatori\/la-industria-de-alimentacion-reclama-una-legislacion-en-economia-circular-asumible-para-las-empresas-del-sector\/","title":{"rendered":"La ind\u00fastria d&#8217;alimentaci\u00f3 reclama una legislaci\u00f3 en economia circular assumible per a les empreses del sector"},"template":"","categories":[99],"tags":[],"class_list":["post-5286","observatorio","type-observatorio","status-publish","hentry","category-noticies"],"_links":{"self":[{"href":"https:\/\/encircular.es\/ca\/wp-json\/wp\/v2\/observatorio\/5286\/"}],"collection":[{"href":"https:\/\/encircular.es\/ca\/wp-json\/wp\/v2\/observatorio\/"}],"about":[{"href":"https:\/\/encircular.es\/ca\/wp-json\/wp\/v2\/types\/observatorio\/"}],"wp:attachment":[{"href":"https:\/\/encircular.es\/ca\/wp-json\/wp\/v2\/media\/?parent=5286"}],"wp:term":[{"taxonomy":"category","embeddable":true,"href":"https:\/\/encircular.es\/ca\/wp-json\/wp\/v2\/categories\/?post=5286"},{"taxonomy":"post_tag","embeddable":true,"href":"https:\/\/encircular.es\/ca\/wp-json\/wp\/v2\/tags\/?post=5286"}],"curies":[{"name":"wp","href":"https:\/\/api.w.org\/{rel}","templated":true}]}}

La indústria d&#8217;alimentació reclama una legislació en economia circular assumible per a les empreses del sector
