{"id":6125,"date":"2022-02-25T10:08:18","date_gmt":"2022-02-25T09:08:18","guid":{"rendered":"https:\/\/encircular.es\/observatorio\/fundacion-cotec-lanza-un-decalogo-de-medidas-para-impulsar-la-reparacion-y-la-reutilizacion\/"},"modified":"2022-09-17T22:05:00","modified_gmt":"2022-09-17T20:05:00","slug":"fundacion-cotec-lanza-un-decalogo-de-medidas-para-impulsar-la-reparacion-y-la-reutilizacion","status":"publish","type":"observatorio","link":"https:\/\/encircular.es\/ca\/observatori\/fundacion-cotec-lanza-un-decalogo-de-medidas-para-impulsar-la-reparacion-y-la-reutilizacion\/","title":{"rendered":"Fundaci\u00f3 Cotec llan\u00e7a un dec\u00e0leg de mesures per a impulsar la reparaci\u00f3 i la reutilitzaci\u00f3"},"template":"","categories":[99],"tags":[],"class_list":["post-6125","observatorio","type-observatorio","status-publish","hentry","category-noticies"],"_links":{"self":[{"href":"https:\/\/encircular.es\/ca\/wp-json\/wp\/v2\/observatorio\/6125\/"}],"collection":[{"href":"https:\/\/encircular.es\/ca\/wp-json\/wp\/v2\/observatorio\/"}],"about":[{"href":"https:\/\/encircular.es\/ca\/wp-json\/wp\/v2\/types\/observatorio\/"}],"wp:attachment":[{"href":"https:\/\/encircular.es\/ca\/wp-json\/wp\/v2\/media\/?parent=6125"}],"wp:term":[{"taxonomy":"category","embeddable":true,"href":"https:\/\/encircular.es\/ca\/wp-json\/wp\/v2\/categories\/?post=6125"},{"taxonomy":"post_tag","embeddable":true,"href":"https:\/\/encircular.es\/ca\/wp-json\/wp\/v2\/tags\/?post=6125"}],"curies":[{"name":"wp","href":"https:\/\/api.w.org\/{rel}","templated":true}]}}

Fundació Cotec llança un decàleg de mesures per a impulsar la reparació i la reutilització
