{"id":6131,"date":"2022-03-02T10:09:57","date_gmt":"2022-03-02T09:09:57","guid":{"rendered":"https:\/\/encircular.es\/observatorio\/acuerdo-en-la-onu-para-lanzar-el-primer-tratado-internacional-para-frenar-la-contaminacion-por-plasticos\/"},"modified":"2022-09-17T22:04:10","modified_gmt":"2022-09-17T20:04:10","slug":"acuerdo-en-la-onu-para-lanzar-el-primer-tratado-internacional-para-frenar-la-contaminacion-por-plasticos","status":"publish","type":"observatorio","link":"https:\/\/encircular.es\/ca\/observatori\/acuerdo-en-la-onu-para-lanzar-el-primer-tratado-internacional-para-frenar-la-contaminacion-por-plasticos\/","title":{"rendered":"Acord en l&#8217;ONU per a llan\u00e7ar el primer tractat internacional per a frenar la contaminaci\u00f3 per pl\u00e0stics"},"template":"","categories":[99],"tags":[],"class_list":["post-6131","observatorio","type-observatorio","status-publish","hentry","category-noticies"],"_links":{"self":[{"href":"https:\/\/encircular.es\/ca\/wp-json\/wp\/v2\/observatorio\/6131\/"}],"collection":[{"href":"https:\/\/encircular.es\/ca\/wp-json\/wp\/v2\/observatorio\/"}],"about":[{"href":"https:\/\/encircular.es\/ca\/wp-json\/wp\/v2\/types\/observatorio\/"}],"wp:attachment":[{"href":"https:\/\/encircular.es\/ca\/wp-json\/wp\/v2\/media\/?parent=6131"}],"wp:term":[{"taxonomy":"category","embeddable":true,"href":"https:\/\/encircular.es\/ca\/wp-json\/wp\/v2\/categories\/?post=6131"},{"taxonomy":"post_tag","embeddable":true,"href":"https:\/\/encircular.es\/ca\/wp-json\/wp\/v2\/tags\/?post=6131"}],"curies":[{"name":"wp","href":"https:\/\/api.w.org\/{rel}","templated":true}]}}

Acord en l&#8217;ONU per a llançar el primer tractat internacional per a frenar la contaminació per plàstics
