{"id":6152,"date":"2022-03-14T10:14:46","date_gmt":"2022-03-14T09:14:46","guid":{"rendered":"https:\/\/encircular.es\/observatorio\/la-comision-europea-regulara-la-moda-rapida\/"},"modified":"2022-09-17T22:00:39","modified_gmt":"2022-09-17T20:00:39","slug":"la-comision-europea-regulara-la-moda-rapida","status":"publish","type":"observatorio","link":"https:\/\/encircular.es\/ca\/observatori\/la-comision-europea-regulara-la-moda-rapida\/","title":{"rendered":"La Comissi\u00f3 Europea regular\u00e0 la moda r\u00e0pida"},"template":"","categories":[99],"tags":[],"class_list":["post-6152","observatorio","type-observatorio","status-publish","hentry","category-noticies"],"_links":{"self":[{"href":"https:\/\/encircular.es\/ca\/wp-json\/wp\/v2\/observatorio\/6152\/"}],"collection":[{"href":"https:\/\/encircular.es\/ca\/wp-json\/wp\/v2\/observatorio\/"}],"about":[{"href":"https:\/\/encircular.es\/ca\/wp-json\/wp\/v2\/types\/observatorio\/"}],"wp:attachment":[{"href":"https:\/\/encircular.es\/ca\/wp-json\/wp\/v2\/media\/?parent=6152"}],"wp:term":[{"taxonomy":"category","embeddable":true,"href":"https:\/\/encircular.es\/ca\/wp-json\/wp\/v2\/categories\/?post=6152"},{"taxonomy":"post_tag","embeddable":true,"href":"https:\/\/encircular.es\/ca\/wp-json\/wp\/v2\/tags\/?post=6152"}],"curies":[{"name":"wp","href":"https:\/\/api.w.org\/{rel}","templated":true}]}}

La Comissió Europea regularà la moda ràpida
