{"id":7531,"date":"2024-02-05T11:17:02","date_gmt":"2024-02-05T10:17:02","guid":{"rendered":"https:\/\/encircular.es\/observatorio\/reparacion-frente-a-reemplazo-estrategia-clave-para-la-economia-circular-en-la-ue\/"},"modified":"2024-02-24T19:34:38","modified_gmt":"2024-02-24T18:34:38","slug":"reparacion-frente-a-reemplazo-estrategia-clave-para-la-economia-circular-en-la-ue","status":"publish","type":"observatorio","link":"https:\/\/encircular.es\/ca\/observatori\/reparacion-frente-a-reemplazo-estrategia-clave-para-la-economia-circular-en-la-ue\/","title":{"rendered":"Reparaci\u00f3 enfront de reempla\u00e7ament: estrat\u00e8gia clau per a l&#8217;economia circular a la UE"},"template":"","categories":[99,233],"tags":[],"class_list":["post-7531","observatorio","type-observatorio","status-publish","hentry","category-noticies","category-observatorio-ca"],"_links":{"self":[{"href":"https:\/\/encircular.es\/ca\/wp-json\/wp\/v2\/observatorio\/7531\/"}],"collection":[{"href":"https:\/\/encircular.es\/ca\/wp-json\/wp\/v2\/observatorio\/"}],"about":[{"href":"https:\/\/encircular.es\/ca\/wp-json\/wp\/v2\/types\/observatorio\/"}],"wp:attachment":[{"href":"https:\/\/encircular.es\/ca\/wp-json\/wp\/v2\/media\/?parent=7531"}],"wp:term":[{"taxonomy":"category","embeddable":true,"href":"https:\/\/encircular.es\/ca\/wp-json\/wp\/v2\/categories\/?post=7531"},{"taxonomy":"post_tag","embeddable":true,"href":"https:\/\/encircular.es\/ca\/wp-json\/wp\/v2\/tags\/?post=7531"}],"curies":[{"name":"wp","href":"https:\/\/api.w.org\/{rel}","templated":true}]}}

Reparació enfront de reemplaçament: estratègia clau per a l&#8217;economia circular a la UE
