{"id":8197,"date":"2024-06-13T12:24:18","date_gmt":"2024-06-13T10:24:18","guid":{"rendered":"https:\/\/encircular.es\/observatorio\/la-normativa-comun-la-trazabilidad-y-la-inversion-claves-para-la-economia-circular-en-la-movilidad-electrica\/"},"modified":"2024-07-30T14:37:29","modified_gmt":"2024-07-30T12:37:29","slug":"la-normativa-comun-la-trazabilidad-y-la-inversion-claves-para-la-economia-circular-en-la-movilidad-electrica","status":"publish","type":"observatorio","link":"https:\/\/encircular.es\/ca\/observatori\/la-normativa-comun-la-trazabilidad-y-la-inversion-claves-para-la-economia-circular-en-la-movilidad-electrica\/","title":{"rendered":"La normativa comuna, la tra\u00e7abilitat i la inversi\u00f3, claus per a l&#8217;economia circular en la mobilitat el\u00e8ctrica"},"template":"","categories":[99,233],"tags":[],"class_list":["post-8197","observatorio","type-observatorio","status-publish","hentry","category-noticies","category-observatorio-ca"],"_links":{"self":[{"href":"https:\/\/encircular.es\/ca\/wp-json\/wp\/v2\/observatorio\/8197\/"}],"collection":[{"href":"https:\/\/encircular.es\/ca\/wp-json\/wp\/v2\/observatorio\/"}],"about":[{"href":"https:\/\/encircular.es\/ca\/wp-json\/wp\/v2\/types\/observatorio\/"}],"wp:attachment":[{"href":"https:\/\/encircular.es\/ca\/wp-json\/wp\/v2\/media\/?parent=8197"}],"wp:term":[{"taxonomy":"category","embeddable":true,"href":"https:\/\/encircular.es\/ca\/wp-json\/wp\/v2\/categories\/?post=8197"},{"taxonomy":"post_tag","embeddable":true,"href":"https:\/\/encircular.es\/ca\/wp-json\/wp\/v2\/tags\/?post=8197"}],"curies":[{"name":"wp","href":"https:\/\/api.w.org\/{rel}","templated":true}]}}

La normativa comuna, la traçabilitat i la inversió, claus per a l&#8217;economia circular en la mobilitat elèctrica
