{"id":8337,"date":"2024-10-03T20:09:51","date_gmt":"2024-10-03T18:09:51","guid":{"rendered":"https:\/\/encircular.es\/observatorio\/mas-de-200-profesionales-abordan-en-valencia-las-ultimas-normas-y-tendencias-en-packaging-y-economia-circular\/"},"modified":"2024-10-24T00:31:01","modified_gmt":"2024-10-23T22:31:01","slug":"mas-de-200-profesionales-abordan-en-valencia-las-ultimas-normas-y-tendencias-en-packaging-y-economia-circular","status":"publish","type":"observatorio","link":"https:\/\/encircular.es\/ca\/observatori\/mas-de-200-profesionales-abordan-en-valencia-las-ultimas-normas-y-tendencias-en-packaging-y-economia-circular\/","title":{"rendered":"M\u00e9s de 200 professionals aborden a Val\u00e8ncia les \u00faltimes normes i tend\u00e8ncies en Embalatge i Economia Circular"},"template":"","categories":[99,233],"tags":[],"class_list":["post-8337","observatorio","type-observatorio","status-publish","hentry","category-noticies","category-observatorio-ca"],"_links":{"self":[{"href":"https:\/\/encircular.es\/ca\/wp-json\/wp\/v2\/observatorio\/8337\/"}],"collection":[{"href":"https:\/\/encircular.es\/ca\/wp-json\/wp\/v2\/observatorio\/"}],"about":[{"href":"https:\/\/encircular.es\/ca\/wp-json\/wp\/v2\/types\/observatorio\/"}],"wp:attachment":[{"href":"https:\/\/encircular.es\/ca\/wp-json\/wp\/v2\/media\/?parent=8337"}],"wp:term":[{"taxonomy":"category","embeddable":true,"href":"https:\/\/encircular.es\/ca\/wp-json\/wp\/v2\/categories\/?post=8337"},{"taxonomy":"post_tag","embeddable":true,"href":"https:\/\/encircular.es\/ca\/wp-json\/wp\/v2\/tags\/?post=8337"}],"curies":[{"name":"wp","href":"https:\/\/api.w.org\/{rel}","templated":true}]}}

Més de 200 professionals aborden a València les últimes normes i tendències en Embalatge i Economia Circular
