{"id":8343,"date":"2024-09-06T20:48:03","date_gmt":"2024-09-06T18:48:03","guid":{"rendered":"https:\/\/encircular.es\/observatorio\/ivacei-apoya-la-fabricacion-de-tableros-sostenibles-a-partir-de-residuos-forestales-y-textiles-para-la-construccion-y-el-mueble\/"},"modified":"2024-10-24T00:32:34","modified_gmt":"2024-10-23T22:32:34","slug":"ivacei-apoya-la-fabricacion-de-tableros-sostenibles-a-partir-de-residuos-forestales-y-textiles-para-la-construccion-y-el-mueble","status":"publish","type":"observatorio","link":"https:\/\/encircular.es\/ca\/observatori\/ivacei-apoya-la-fabricacion-de-tableros-sostenibles-a-partir-de-residuos-forestales-y-textiles-para-la-construccion-y-el-mueble\/","title":{"rendered":"Ivace+i  dona suport a la fabricaci\u00f3 de taulers sostenibles a partir de residus forestals i t\u00e8xtils per a la construcci\u00f3 i el moble"},"template":"","categories":[99,233],"tags":[],"class_list":["post-8343","observatorio","type-observatorio","status-publish","hentry","category-noticies","category-observatorio-ca"],"_links":{"self":[{"href":"https:\/\/encircular.es\/ca\/wp-json\/wp\/v2\/observatorio\/8343\/"}],"collection":[{"href":"https:\/\/encircular.es\/ca\/wp-json\/wp\/v2\/observatorio\/"}],"about":[{"href":"https:\/\/encircular.es\/ca\/wp-json\/wp\/v2\/types\/observatorio\/"}],"wp:attachment":[{"href":"https:\/\/encircular.es\/ca\/wp-json\/wp\/v2\/media\/?parent=8343"}],"wp:term":[{"taxonomy":"category","embeddable":true,"href":"https:\/\/encircular.es\/ca\/wp-json\/wp\/v2\/categories\/?post=8343"},{"taxonomy":"post_tag","embeddable":true,"href":"https:\/\/encircular.es\/ca\/wp-json\/wp\/v2\/tags\/?post=8343"}],"curies":[{"name":"wp","href":"https:\/\/api.w.org\/{rel}","templated":true}]}}

Ivace+i  dona suport a la fabricació de taulers sostenibles a partir de residus forestals i tèxtils per a la construcció i el moble
