{"id":3154,"date":"2020-12-22T17:39:28","date_gmt":"2020-12-22T16:39:28","guid":{"rendered":"https:\/\/encircular.es\/atlas\/"},"modified":"2021-01-21T17:43:30","modified_gmt":"2021-01-21T16:43:30","slug":"atlas","status":"publish","type":"page","link":"https:\/\/encircular.es\/ca\/atlas\/","title":{"rendered":"Atlas"},"content":{"rendered":"<div id=\"mapsvg-3693\" class=\"mapsvg\"><\/div>\n<h2>Eina per a la generaci\u00f3 d\u2019aliances i territoris sostenibles<\/h2>\n<p>La Comunitat Valenciana t\u00e9 un teixit empresarial ampli i divers, aix\u00ed com una xarxa s\u00f2lida de coneixement i innovaci\u00f3, que conformen un ecosistema s\u00f2lid i cada vegada comprom\u00e9s amb l\u2019evoluci\u00f3 cap a models de producci\u00f3 i consum m\u00e9s sostenibles. Hi ha cada vegada m\u00e9s entitats que assumeixen la seua responsabilitat com a agents actius en la transici\u00f3 cap a una economia circular.<\/p>\n<p>Un dels objectius de la plataforma EnCircular \u00e9s identificar aquestes organitzacions i facilitar-ne la ubicaci\u00f3 al territori auton\u00f2mic, d\u2019una manera molt visual i amb un acc\u00e9s f\u00e0cil per a totes les persones interessades..&nbsp;<\/p>\n<p>Amb aquest mapa no nom\u00e9s se\u2019n reconeix la tasca sin\u00f3 que es propicia la generaci\u00f3 d\u2019aliances i de sinergies, de manera que es configuren com una eina valuosa en la construcci\u00f3 de territoris sostenibles.<\/p>\n<p>\t\t\t<a role=\"button\"><br \/>\n\t\t\t\t\t\tSobre este mapa<br \/>\n\t\t\t\t\t<\/a><\/p>\n","protected":false},"excerpt":{"rendered":"<p>Eina per a la generaci\u00f3 d\u2019aliances i territoris sostenibles La Comunitat Valenciana t\u00e9 un teixit empresarial ampli i divers, aix\u00ed com una xarxa s\u00f2lida de coneixement i innovaci\u00f3, que conformen un ecosistema s\u00f2lid i cada vegada comprom\u00e9s amb l\u2019evoluci\u00f3 cap a models de producci\u00f3 i consum m\u00e9s sostenibles. Hi ha cada vegada m\u00e9s entitats que [&hellip;]<\/p>\n","protected":false},"author":1,"featured_media":0,"parent":0,"menu_order":0,"comment_status":"closed","ping_status":"closed","template":"","meta":{"footnotes":""},"class_list":["post-3154","page","type-page","status-publish","hentry"],"_links":{"self":[{"href":"https:\/\/encircular.es\/ca\/wp-json\/wp\/v2\/pages\/3154\/"}],"collection":[{"href":"https:\/\/encircular.es\/ca\/wp-json\/wp\/v2\/pages\/"}],"about":[{"href":"https:\/\/encircular.es\/ca\/wp-json\/wp\/v2\/types\/page\/"}],"author":[{"embeddable":true,"href":"https:\/\/encircular.es\/ca\/wp-json\/wp\/v2\/users\/1\/"}],"replies":[{"embeddable":true,"href":"https:\/\/encircular.es\/ca\/wp-json\/wp\/v2\/comments\/?post=3154"}],"version-history":[{"count":9,"href":"https:\/\/encircular.es\/ca\/wp-json\/wp\/v2\/pages\/3154\/revisions\/"}],"predecessor-version":[{"id":3699,"href":"https:\/\/encircular.es\/ca\/wp-json\/wp\/v2\/pages\/3154\/revisions\/3699\/"}],"wp:attachment":[{"href":"https:\/\/encircular.es\/ca\/wp-json\/wp\/v2\/media\/?parent=3154"}],"curies":[{"name":"wp","href":"https:\/\/api.w.org\/{rel}","templated":true}]}}

<div id="mapsvg-3693" class="mapsvg"></div>
<h2>Eina per a la generació d’aliances i territoris sostenibles</h2>
<p>La Comunitat Valenciana té un teixit empresarial ampli i divers, així com una xarxa sòlida de coneixement i innovació, que conformen un ecosistema sòlid i cada vegada compromés amb l’evolució cap a models de producció i consum més sostenibles. Hi ha cada vegada més entitats que assumeixen la seua responsabilitat com a agents actius en la transició cap a una economia circular.</p>
<p>Un dels objectius de la plataforma EnCircular és identificar aquestes organitzacions i facilitar-ne la ubicació al territori autonòmic, d’una manera molt visual i amb un accés fàcil per a totes les persones interessades..&nbsp;</p>
<p>Amb aquest mapa no només se’n reconeix la tasca sinó que es propicia la generació d’aliances i de sinergies, de manera que es configuren com una eina valuosa en la construcció de territoris sostenibles.</p>
<p>			<a role="button"><br />
						Sobre este mapa<br />
					</a></p>

<p>Eina per a la generació d’aliances i territoris sostenibles La Comunitat Valenciana té un teixit empresarial ampli i divers, així com una xarxa sòlida de coneixement i innovació, que conformen un ecosistema sòlid i cada vegada compromés amb l’evolució cap a models de producció i consum més sostenibles. Hi ha cada vegada més entitats que [&hellip;]</p>
