{"id":3105,"date":"2020-06-10T09:38:33","date_gmt":"2020-06-10T07:38:33","guid":{"rendered":"https:\/\/encircular.es\/recurso\/guia-verde-de-la-edificacion-generalitat-valenciana-jun-2020\/"},"modified":"2021-04-04T20:03:38","modified_gmt":"2021-04-04T18:03:38","slug":"guia-verde-de-la-edificacion-generalitat-valenciana-jun-2020","status":"publish","type":"recurso","link":"https:\/\/encircular.es\/ca\/recurso\/guia-verde-de-la-edificacion-generalitat-valenciana-jun-2020\/","title":{"rendered":"Guia Verda de l&#8217;Edificaci\u00f3. Generalitat Valenciana (Juny 2020)"},"content":{"rendered":"<p>La Direcci\u00f3n General de Innovaci\u00f3n Ecol\u00f3gica para la Construcci\u00f3n en colaboraci\u00f3n con el Instituto Valenciano de la Edificaci\u00f3n, elabora e impulsa la Gu\u00eda Verde de medidas medioambientales en la contrataci\u00f3n p\u00fablica en el \u00e1mbito de la edificaci\u00f3n de la Generalitat, acorde a la necesidad de impulsar la lucha contra el cambio clim\u00e1tico y a las pol\u00edticas de transici\u00f3n ecol\u00f3gica.<\/p>\n","protected":false},"featured_media":1505,"template":"","categories":[],"tags":[],"class_list":["post-3105","recurso","type-recurso","status-publish","has-post-thumbnail","hentry"],"_links":{"self":[{"href":"https:\/\/encircular.es\/ca\/wp-json\/wp\/v2\/recurso\/3105\/"}],"collection":[{"href":"https:\/\/encircular.es\/ca\/wp-json\/wp\/v2\/recurso\/"}],"about":[{"href":"https:\/\/encircular.es\/ca\/wp-json\/wp\/v2\/types\/recurso\/"}],"wp:featuredmedia":[{"embeddable":true,"href":"https:\/\/encircular.es\/ca\/wp-json\/wp\/v2\/media\/1505\/"}],"wp:attachment":[{"href":"https:\/\/encircular.es\/ca\/wp-json\/wp\/v2\/media\/?parent=3105"}],"wp:term":[{"taxonomy":"category","embeddable":true,"href":"https:\/\/encircular.es\/ca\/wp-json\/wp\/v2\/categories\/?post=3105"},{"taxonomy":"post_tag","embeddable":true,"href":"https:\/\/encircular.es\/ca\/wp-json\/wp\/v2\/tags\/?post=3105"}],"curies":[{"name":"wp","href":"https:\/\/api.w.org\/{rel}","templated":true}]}}

Guia Verda de l&#8217;Edificació. Generalitat Valenciana (Juny 2020)

<p>La Dirección General de Innovación Ecológica para la Construcción en colaboración con el Instituto Valenciano de la Edificación, elabora e impulsa la Guía Verde de medidas medioambientales en la contratación pública en el ámbito de la edificación de la Generalitat, acorde a la necesidad de impulsar la lucha contra el cambio climático y a las políticas de transición ecológica.</p>
