{"id":7483,"date":"2023-07-10T09:39:20","date_gmt":"2023-07-10T07:39:20","guid":{"rendered":"https:\/\/encircular.es\/recurso\/la-rendicion-de-cuentas-de-la-circularidad-una-guia-practica-para-la-medicion-foretica-julio-2023\/"},"modified":"2024-02-24T20:30:42","modified_gmt":"2024-02-24T19:30:42","slug":"la-rendicion-de-cuentas-de-la-circularidad-una-guia-practica-para-la-medicion-foretica-julio-2023","status":"publish","type":"recurso","link":"https:\/\/encircular.es\/ca\/recurso\/la-rendicion-de-cuentas-de-la-circularidad-una-guia-practica-para-la-medicion-foretica-julio-2023\/","title":{"rendered":"&#8216;La rendici\u00f3 de comptes de la circularitat: Una guia pr\u00e0ctica per al mesurament&#8217;. For\u00e9tica (Juliol 2023)"},"content":{"rendered":"<div id=\"traduccio\" class=\"texte\">En el marc del \u2018VI Circular Economy Business F\u00f2rum\u2019, For\u00e9tica ha presentat el document <a id=\"lk_proposta\"><\/a><strong>\u2018La rendici\u00f3n de cuentas de la circularidad: una gu\u00eda pr\u00e1ctica para la medici\u00f3n\u2019.<\/strong><\/div>\n<div><\/div>\n<p class=\"texte\">La guia estableix sis passos per al mesurament de la integraci\u00f3 de l&#8217;economia circular en les companyies: estrat\u00e8gia i planificaci\u00f3, selecci\u00f3 d&#8217;indicadors, recopilaci\u00f3 de la informaci\u00f3, mesurament, objectius, comprom\u00eds, actuaci\u00f3 i reporte.<\/p>\n<p><em><strong><a href=\"https:\/\/foretica.org\/la-rendicion-de-cuentas-de-la-circularidad-una-guia-practica-para-la-medicion\/\" target=\"_blank\" rel=\"noopener noreferrer\">Acc\u00e9s al document complet, ac\u00ed.<\/a><\/strong><\/em><\/p>\n","protected":false},"featured_media":7300,"template":"","categories":[105,368],"tags":[],"class_list":["post-7483","recurso","type-recurso","status-publish","has-post-thumbnail","hentry","category-informes-i-estudis-recursos-ca","category-recursos-ca"],"_links":{"self":[{"href":"https:\/\/encircular.es\/ca\/wp-json\/wp\/v2\/recurso\/7483\/"}],"collection":[{"href":"https:\/\/encircular.es\/ca\/wp-json\/wp\/v2\/recurso\/"}],"about":[{"href":"https:\/\/encircular.es\/ca\/wp-json\/wp\/v2\/types\/recurso\/"}],"wp:featuredmedia":[{"embeddable":true,"href":"https:\/\/encircular.es\/ca\/wp-json\/wp\/v2\/media\/7300\/"}],"wp:attachment":[{"href":"https:\/\/encircular.es\/ca\/wp-json\/wp\/v2\/media\/?parent=7483"}],"wp:term":[{"taxonomy":"category","embeddable":true,"href":"https:\/\/encircular.es\/ca\/wp-json\/wp\/v2\/categories\/?post=7483"},{"taxonomy":"post_tag","embeddable":true,"href":"https:\/\/encircular.es\/ca\/wp-json\/wp\/v2\/tags\/?post=7483"}],"curies":[{"name":"wp","href":"https:\/\/api.w.org\/{rel}","templated":true}]}}

&#8216;La rendició de comptes de la circularitat: Una guia pràctica per al mesurament&#8217;. Forética (Juliol 2023)

<div id="traduccio" class="texte">En el marc del ‘VI Circular Economy Business Fòrum’, Forética ha presentat el document <a id="lk_proposta"></a><strong>‘La rendición de cuentas de la circularidad: una guía práctica para la medición’.</strong></div>
<div></div>
<p class="texte">La guia estableix sis passos per al mesurament de la integració de l&#8217;economia circular en les companyies: estratègia i planificació, selecció d&#8217;indicadors, recopilació de la informació, mesurament, objectius, compromís, actuació i reporte.</p>
<p><em><strong><a href="https://foretica.org/la-rendicion-de-cuentas-de-la-circularidad-una-guia-practica-para-la-medicion/" target="_blank" rel="noopener noreferrer">Accés al document complet, ací.</a></strong></em></p>
