{"id":8338,"date":"2024-10-03T20:09:51","date_gmt":"2024-10-03T18:09:51","guid":{"rendered":"https:\/\/encircular.es\/observatorio\/mas-de-200-profesionales-abordan-en-valencia-las-ultimas-normas-y-tendencias-en-packaging-y-economia-circular\/"},"modified":"2024-10-03T20:09:51","modified_gmt":"2024-10-03T18:09:51","slug":"mas-de-200-profesionales-abordan-en-valencia-las-ultimas-normas-y-tendencias-en-packaging-y-economia-circular","status":"publish","type":"observatorio","link":"https:\/\/encircular.es\/en\/observatorio\/mas-de-200-profesionales-abordan-en-valencia-las-ultimas-normas-y-tendencias-en-packaging-y-economia-circular\/","title":{"rendered":"M\u00e1s de 200 profesionales abordan en Valencia las \u00faltimas normas y tendencias en Packaging y Econom\u00eda Circular"},"template":"","categories":[80,234],"tags":[],"class_list":["post-8338","observatorio","type-observatorio","status-publish","hentry","category-noticias-en-observatorio-en","category-observatorio-en"],"_links":{"self":[{"href":"https:\/\/encircular.es\/en\/wp-json\/wp\/v2\/observatorio\/8338\/"}],"collection":[{"href":"https:\/\/encircular.es\/en\/wp-json\/wp\/v2\/observatorio\/"}],"about":[{"href":"https:\/\/encircular.es\/en\/wp-json\/wp\/v2\/types\/observatorio\/"}],"wp:attachment":[{"href":"https:\/\/encircular.es\/en\/wp-json\/wp\/v2\/media\/?parent=8338"}],"wp:term":[{"taxonomy":"category","embeddable":true,"href":"https:\/\/encircular.es\/en\/wp-json\/wp\/v2\/categories\/?post=8338"},{"taxonomy":"post_tag","embeddable":true,"href":"https:\/\/encircular.es\/en\/wp-json\/wp\/v2\/tags\/?post=8338"}],"curies":[{"name":"wp","href":"https:\/\/api.w.org\/{rel}","templated":true}]}}

Más de 200 profesionales abordan en Valencia las últimas normas y tendencias en Packaging y Economía Circular
